{"id":404,"date":"2018-01-16T08:59:33","date_gmt":"2018-01-16T08:59:33","guid":{"rendered":"https:\/\/hotel-biser.com\/2018\/?page_id=404"},"modified":"2026-01-20T10:57:51","modified_gmt":"2026-01-20T10:57:51","slug":"front-page","status":"publish","type":"page","link":"https:\/\/hotel-biser.com\/2018\/","title":{"rendered":"Dobrodo\u0161li u Hotel Biser!"},"content":{"rendered":"\n<figure class=\"wp-block-embed is-type-video is-provider-youtube wp-block-embed-youtube wp-embed-aspect-16-9 wp-has-aspect-ratio\"><div class=\"wp-block-embed__wrapper\">\n<iframe loading=\"lazy\" title=\"Hotel Biser\" width=\"820\" height=\"461\" src=\"https:\/\/www.youtube.com\/embed\/Az6DTY8TvX8?feature=oembed\" frameborder=\"0\" allow=\"accelerometer; autoplay; clipboard-write; encrypted-media; gyroscope; picture-in-picture; web-share\" referrerpolicy=\"strict-origin-when-cross-origin\" allowfullscreen><\/iframe>\n<\/div><\/figure>\n\n\n<h2 style=\"text-align: center;\">Obiteljski hotel za obiteljski odmor<\/h2>\n<p>Na\u0161 hotel se nalazi u mirnom i tihom djelu Paga, neposredno uz more. Nudimo opu\u0161taju\u0107i odmor za odrasle uz pregr\u0161t aktivnosti i igrali\u0161te za djecu.\u00a0<\/p>\n<p>Hotel je opremljen dvokrevetnim i obiteljskim\u00a0 sobama, uz ponudu polupansiona imamo i A`la carte restoran s terasom i prekrasnim pogledom na more.<\/p>\n<p>Hotel i restoran imaju besplatni WiFi i parking za sve na\u0161e goste.<\/p>\n<h2 style=\"text-align: center;\" data-et-view=\"NAREFdGdfSeWZMfeNJXdLJNXe:1 NAREFdGdfSeWZMfeNJXdLJNXe:3 \">\u00a0<\/h2>\n<div data-et-view=\"NAREFdGdfSeWZMfeNJXdLJNXe:1 NAREFdGdfSeWZMfeNJXdLJNXe:3 \">\u00a0<\/div>\n<div data-et-view=\" NAREFBUdGdfSeJeIJfWVCDdZEfKFWC:1 \">\n<h2 data-et-view=\"NAREFdGdfSeWZMfeNJXdLJNXe:1 NAREFdGdfSeWZMfeNJXdLJNXe:3 \">\u00a0<\/h2>\n<\/div>\n<div data-et-view=\"NAREFdGdfSeWZMfeNJXdLJNXe:1 NAREFdGdfSeWZMfeNJXdLJNXe:3 \">\u00a0<\/div>\n\n\n<figure class=\"wp-block-video\"><\/figure>\n\n\n\n<figure class=\"wp-block-video\"><\/figure>\n\n\n\n<figure class=\"wp-block-video\"><\/figure>\n","protected":false},"excerpt":{"rendered":"<p>Obiteljski hotel za obiteljski odmor Na\u0161 hotel se nalazi u mirnom i tihom djelu Paga, neposredno uz more. Nudimo opu\u0161taju\u0107i odmor za odrasle uz pregr\u0161t aktivnosti i igrali\u0161te za djecu.\u00a0 Hotel je opremljen dvokrevetnim i obiteljskim\u00a0 sobama, uz ponudu polupansiona imamo i A`la carte restoran s terasom i prekrasnim pogledom na more. Hotel i restoran [&hellip;]<\/p>\n","protected":false},"author":1,"featured_media":0,"parent":0,"menu_order":0,"comment_status":"closed","ping_status":"closed","template":"","meta":{"footnotes":""},"_links":{"self":[{"href":"https:\/\/hotel-biser.com\/2018\/wp-json\/wp\/v2\/pages\/404"}],"collection":[{"href":"https:\/\/hotel-biser.com\/2018\/wp-json\/wp\/v2\/pages"}],"about":[{"href":"https:\/\/hotel-biser.com\/2018\/wp-json\/wp\/v2\/types\/page"}],"author":[{"embeddable":true,"href":"https:\/\/hotel-biser.com\/2018\/wp-json\/wp\/v2\/users\/1"}],"replies":[{"embeddable":true,"href":"https:\/\/hotel-biser.com\/2018\/wp-json\/wp\/v2\/comments?post=404"}],"version-history":[{"count":44,"href":"https:\/\/hotel-biser.com\/2018\/wp-json\/wp\/v2\/pages\/404\/revisions"}],"predecessor-version":[{"id":1113,"href":"https:\/\/hotel-biser.com\/2018\/wp-json\/wp\/v2\/pages\/404\/revisions\/1113"}],"wp:attachment":[{"href":"https:\/\/hotel-biser.com\/2018\/wp-json\/wp\/v2\/media?parent=404"}],"curies":[{"name":"wp","href":"https:\/\/api.w.org\/{rel}","templated":true}]}}